r?
True
Let r be ((-2)/2 - -3) + 351. Let s = r - -798. Is s a composite number?
False
Let o be (-1 - -497) + (-21)/(-21). Suppose -3*n = 3*v - 486, -n + 160 + o = 4*v. Suppose u = -v + 652. Is u a composite number?
False
Let l be 4 + -707*(-3 + 2). Suppose -2058 = -3*a - l. Is a a composite number?
False
Let v(p) = 880*p + 53. Is v(18) composite?
True
Suppose 9*k - 4869 = 40014. Is k a composite number?
False
Let k be (15/9)/((-3)/(-9)). Suppose -k*x + 14 + 6 = 0. Is (-23*x)/(-1 - 1) composite?
True
Let k(f) = 17*f**2 + 14*f - 39. Is k(10) prime?
True
Suppose 2*u - 5*b = -40, -2*b = -3*u + 8*u + 71. Let k be (0 - -62) + 2 + 0. Let n = k - u. Is n composite?
False
Let v(k) = -k**3 - 6*k**2 + 5*k + 7. Let t be v(-7). Let l = -19 + t. Suppose -l*m = 2, -255 = -3*a + 3*m + 381. Is a a prime number?
True
Let h(v) = 15*v**2 - 13*v + 27. Is h(-10) composite?
False
Let m(d) = 6*d**3 + 3*d**2 - 20*d + 103. Is m(12) a prime number?
True
Let o be (-3 - -21)/3 - 4. Suppose t + 505 = o*t. Is t a composite number?
True
Suppose b - 2*v - 1130 - 795 = 0, 12 = -4*v. Is b a composite number?
True
Suppose 11920 = 10*c - 8130. Is c a prime number?
False
Suppose -4*j - 20 - 112 = 0. Let q = j + 58. Is q composite?
True
Suppose 0 = -3*t + t + 4. Is 1146/12*t/1 a composite number?
False
Suppose j = 1 + 484. Let p = j - 178. Is p a composite number?
False
Suppose -5 = -2*q + 5*t + 20, 5*q + 3*t = -15. Suppose -5*y - 298 = -5*u + 347, 0 = -3*u - y + 391. Suppose q*p = -2*p + u. Is p composite?
True
Let b be 6/(-12) + 22/4. Suppose -4*s + 3666 = 5*y, -b*s + 4001 = y - 571. Let m = s - 561. Is m prime?
True
Let g(v) = -v**3 + 17*v**2 - 31*v - 6. Let w = 56 - 45. Is g(w) a prime number?
True
Let v = -1 - -3. Let w be ((-3)/v)/(3/(-8)). Suppose -f = 2*i + 4*f - 18, -w*f = -2*i. Is i composite?
True
Suppose 0 = -27*p + 32*p - 173675. Is p a composite number?
True
Suppose 3*p - 251023 = -f, -4*f + 471924 + 532236 = -5*p. Is f prime?
False
Is (-12)/30 - 337986/(-90) a prime number?
False
Let r be -6*9*-5*(-6)/(-45). Is r/24*(-3342)/(-9) a composite number?
False
Let g = 25125 + -17632. Is g a composite number?
True
Let q(c) = -17948*c - 5. Is q(-1) a prime number?
False
Suppose -13375 = -15*i + 14*i - 4*d, -3*d = -6. Is i a prime number?
True
Suppose 7*n - 248 = 53. Let u = -40 + n. Is u composite?
False
Let u be -2 + 0 - 2*147. Suppose -673 - 173 = -2*d. Let j = d + u. Is j a prime number?
True
Let l be -4 + 7 + 1*-11. Let a = l - -8. Suppose a = 5*j + 5*c - 271 + 31, 4*c - 54 = -j. Is j a prime number?
False
Let a(s) = s**3 - 4*s**2 - 5*s. Let c be a(5). Suppose 5*b - 1340 = 5*r, c*b - 5*b - 4*r = -1313. Is b composite?
True
Let k(x) = 16*x**2 + 0 - 1 + 22*x**2. Is k(1) prime?
True
Suppose -10*m - 10 = 30. Let n(k) = 71*k**2 - 28*k + 1. Is n(m) a composite number?
False
Suppose 0 = -0*v + 3*v - 6. Suppose -b - 2*u - 174 = -v*b, -544 = -3*b - 5*u. Suppose 937 = 5*c - b. Is c a composite number?
False
Suppose -4*b - 5304 = -4*f - 0*b, 6660 = 5*f + b. Suppose -648 = -c + s, -2*c - 5*s = -0*s - f. Is c a composite number?
False
Suppose -9*g = -16*g - 42. Is g/(-10) - (-22420)/50 a composite number?
False
Let l(v) = 6*v**2 - 8*v - 2. Let d = -18 + 18. Suppose -2*n - 10 = d, 2*n + 2*n = 4*h - 44. Is l(h) prime?
False
Suppose 283 + 218 = 3*t. Let v = 234 - t. Is v a prime number?
True
Let u be (-6)/39 + -81*(-8)/156. Suppose a + 4206 = u*a - 3*c, 0 = 4*a + 3*c - 5587. Is a prime?
True
Suppose -j + 45 = -4*m, 3*m + 51 = -0*m - 5*j. Let b = m - -9. Is ((-74)/4)/(b/6) composite?
False
Let n be (299/(-52))/(2/(-104)). Suppose 4*o - n - 269 = 0. Is o prime?
False
Suppose -14*h = -19*h + 20. Is (3140/8)/(h/8) a prime number?
False
Suppose -26400 = -0*f + 15*f. Let b = f - -4339. Is b a prime number?
True
Suppose -5*a = 4*v - 1385, a - 73 + 1797 = 5*v. Let k = 508 - v. Is k a composite number?
False
Suppose -x = 14 - 4. Let l(j) = 2*j**2 + 14. Let d be l(x). Let n = d - 117. Is n prime?
True
Let d(l) = -3 - 16*l + 4 - 18. Is d(-9) prime?
True
Let m(j) = j**3 - 30*j**2 + 32*j - 58. Is m(39) prime?
True
Let m = -26 + 44. Is m/(-45) - 577/(-5) a composite number?
True
Suppose -5*z = -z - 5*u - 1984, z = 2*u + 496. Suppose 3*j = -2*x + z, 0 = 4*j + 4*x - 466 - 202. Let p = j + 143. Is p a composite number?
True
Let t be 5/(15/6) + 3. Let w = t + -1. Suppose -4*i = 0, -p - w*i + 57 = -176. Is p composite?
False
Let m(q) = q - 3. Let i(s) = 1. Let r(n) = -6*i(n) + m(n). Let c be r(-7). Is ((-194)/3)/(c/24) composite?
False
Suppose -y - 4*n - 3 = -n, -6 = 2*y - n. Let z(t) = -7*t**3 - 4*t**2 - 4. Is z(y) a prime number?
True
Let m(y) = 27*y**2 - 3*y + 35. Is m(-13) a prime number?
True
Let g = 4 - 10. Is (838/g)/((-6)/18) a composite number?
False
Suppose 5*n + 0*n = 4480. Suppose -2*v = -3*r + r - 596, 0 = 3*r - 2*v + n. Let i = -134 - r. Is i a prime number?
False
Let c = -143 + 379. Let w = c - 165. Is w composite?
False
Let h(j) = 102*j - 22. Let o be h(4). Let f = o + -195. Is f a composite number?
False
Is (40822/(-6))/((-6)/18) a composite number?
False
Is (12 - 26)*2/(-8)*274 prime?
False
Let y(p) = 252*p - 143*p - 21 + 4*p**2 - 127*p + 0*p**2. Is y(10) a composite number?
False
Let x(y) = 2*y**2 + 43*y - 34. Is x(31) prime?
True
Let j = 33 - 23. Suppose -6*g + j*g - 428 = 0. Let a = 192 - g. Is a a composite number?
True
Suppose 16324 = 9*c - 3512. Is 5/2*(c/10 - 4) a prime number?
True
Suppose -k - 3*p + 1604 = 437, 4*p = -2*k + 2334. Is 0 + (5*k)/5 composite?
True
Let z(c) = -2*c**2 - 10*c - 6. Let a be z(-4). Let l(w) = 2*w**3 + w**2 - w - 2. Let o be l(a). Is (-3507)/(-11) + o/88 composite?
True
Let f(d) = -13042*d + 551. Is f(-6) composite?
False
Let j(b) = 360*b - 4 + 18*b + 263*b - 4. Is j(3) composite?
True
Let z(s) = s**2 - 6*s - 1. Let a be z(6). Let o be 11/3*(a + -29). Let q = -75 - o. Is q a composite number?
True
Is 16658/((-140)/175*5/(-2)) composite?
False
Suppose 130*n = 137*n - 602. Is n prime?
False
Suppose -4*r + 7 = 1639. Is 1 - r/4*1 a prime number?
True
Let d be (0/((-4)/(-1)))/(-1) - -1957. Suppose -5*x = u - 1929, u + 2*x - 4*x = d. Is u composite?
False
Let l(o) = o**3 - 12*o**2 - o + 13. Let v(n) = -3*n + 5. Let s be v(-3). Is l(s) composite?
True
Suppose 0 = -2*b + 4*n - 9 - 37, 5*n = -b + 12. Let s = b - -17. Is s - 6 - (-258 + -1) composite?
False
Suppose -5*h = -3729 + 454. Suppose -5*i = 4*k - h, i - 3*k + 16 = 128. Is i prime?
True
Let u = -1 + 3. Suppose 3*o = u*o + 74. Is o a composite number?
True
Let j = 150 - 920. Let t = 1116 + j. Is t a composite number?
True
Suppose -2545 = -s + 3*t, -5*s + t + 3*t = -12703. Is s prime?
True
Let k(u) = 171*u**2 + 10*u + 45. Is k(-4) a prime number?
True
Let s be 4/(-1) + -3*264. Let g = -467 - s. Is g a prime number?
False
Is (-21986)/(-4)*(-37 + 39) composite?
False
Let b be 5474/8 + (-6)/(-8). Suppose -99 + b = 2*a. Is a a prime number?
True
Let y = 17 + -16. Is 558/3 + (y - 4) composite?
True
Let q(r) = -14755*r. Let a(i) = -527*i. Let h(f) = -169*a(f) + 6*q(f). Is h(1) composite?
True
Let q(w) = 614*w**2 - w - 6. Let z(c) = 307*c**2 - 3. Let s(f) = -4*q(f) + 9*z(f). Is s(-2) a composite number?
False
Suppose -3*y - o + 3220 = 0, 2 = -97*o + 99*o. Is y prime?
False
Let r(f) be the second derivative of 2/3*f**4 + 0 - 1/3*f**3 - 6*f - 5*f**2 + 1/20*f**5. Is r(-7) prime?
True
Suppose 0 = -3*a - 15, 1690 + 4057 = 3*y + 2*a. Is y a prime number?
False
Let m = -11409 + 5821. Let z = 8583 + m. Is z prime?
False
Suppose 14 = -0*m + 3*m + 2*z, 5*z = 3*m + 14. Suppose -4*a - a + 4*o + 5435 = 0, -m*a = -o - 2174. Is a prime?
True
Let c = -740 + -236. Suppose 6*g - 4*g = -16. Is 1/(-1) + c/g a prime number?
False
Let d be 4*-3*6/(-9) + 2. Suppose -17423 + 2113 = -d*g. Is g a composite number?
False
Suppose 0 = 5*n - 25, 2*u + 4*n = u + 3899. Let b = u + -1562. Is b a prime number?
False
Let t(p) = p. Let h(n) = -550*n - 7. Let r(x) = h(x) + 3*t(x). Is r(-2) a prime number?
True
Suppose y - 346 = -3*i - 0*y, -4*y - 124 = -i. Suppose 0 = -2*u - 0*u + 398. Let c = u - i. Is c prime?
True
Suppose 4*v - 5*v = 3*w - 11, 0 = -4*v - 3*w + 17. Suppose -3*i + v*m = m - 63, 107 = 5*i - m. Suppose -2*l = -t + 6*t - 89, l = t - i. Is t a prime number?
True
Suppose 5*b - 44426 = -2*i - 15465, -2*b = 2*i - 11588. Is b a composit